{"id":20,"date":"2021-06-28T19:42:53","date_gmt":"2021-06-28T19:42:53","guid":{"rendered":"https:\/\/www.helpinghands.ch\/?page_id=20"},"modified":"2023-11-16T12:47:18","modified_gmt":"2023-11-16T12:47:18","slug":"baeckereien-in-tansania-afrika","status":"publish","type":"page","link":"https:\/\/www.helpinghands.ch\/?page_id=20","title":{"rendered":"B\u00e4ckereien in Tansania, Afrika"},"content":{"rendered":"\n<p>In Kemondo, im Kinderdorf von AVC entstand 2017 die erste B\u00e4ckerei. Kemondo ist ein kleines Dorf am Ufer des Viktoriasees.<br>T\u00e4glich produzieren die B\u00e4ckerinnen bis 70 kg Brot. Die Rezeptur haben wir f\u00fcr Afrika angepasst. So wurden die Salzmenge f\u00fcr die Brote halbiert und diese viel schw\u00e4cher ausgebacken.<br>Der gr\u00f6sste Teil der Produktion wird in die angegliederte Sekundarschule verkauft. Auch das Kinderdorf ist ein regelm\u00e4ssiger Abnehmer von Broten. Und die 100 Kinder freuen sich immer darauf. Brot ist eine gew\u00fcnschte Abwechslung in der Ern\u00e4hrung. Es gibt sonst nur Reis, Ugali oder Manjok. In der Woche einmal Fleisch, H\u00e4hnchen und Gem\u00fcse.<br>Da wir nur 24 Brote auf einmal backen k\u00f6nnen, muss der Ablauf f\u00fcr das Teigherstellen, G\u00e4ren und Backen aufgehen. Dazwischen f\u00e4llt immer wieder mal der Strom aus, aber das beunruhigt hier niemanden. Dann ist es Zeit einen Tee zu geniessen.<br>Die n\u00e4chste B\u00e4ckerei planen wir im Kinderdorf Loltepes, im Massailand. Wir hoffen dieses Projekt 2021 realisieren zu k\u00f6nnen.<\/p>\n\n\n<div class=\"wp-block-image\">\n<figure class=\"aligncenter size-full\"><img fetchpriority=\"high\" decoding=\"async\" width=\"552\" height=\"688\" src=\"https:\/\/www.helpinghands.ch\/wp-content\/uploads\/2023\/11\/Bild2.jpg\" alt=\"\" class=\"wp-image-669\" srcset=\"https:\/\/www.helpinghands.ch\/wp-content\/uploads\/2023\/11\/Bild2.jpg 552w, https:\/\/www.helpinghands.ch\/wp-content\/uploads\/2023\/11\/Bild2-241x300.jpg 241w\" sizes=\"(max-width: 552px) 100vw, 552px\" \/><\/figure>\n<\/div>\n\n\n<p> <\/p>\n\n\n<div class=\"wp-block-image\">\n<figure class=\"aligncenter size-full\"><img decoding=\"async\" width=\"825\" height=\"541\" src=\"https:\/\/www.helpinghands.ch\/wp-content\/uploads\/2023\/11\/Bild3.jpg\" alt=\"\" class=\"wp-image-671\" srcset=\"https:\/\/www.helpinghands.ch\/wp-content\/uploads\/2023\/11\/Bild3.jpg 825w, https:\/\/www.helpinghands.ch\/wp-content\/uploads\/2023\/11\/Bild3-300x197.jpg 300w, https:\/\/www.helpinghands.ch\/wp-content\/uploads\/2023\/11\/Bild3-768x504.jpg 768w, https:\/\/www.helpinghands.ch\/wp-content\/uploads\/2023\/11\/Bild3-800x525.jpg 800w\" sizes=\"(max-width: 825px) 100vw, 825px\" \/><\/figure>\n<\/div>\n\n\n<p> <\/p>\n\n\n<div class=\"wp-block-image\">\n<figure class=\"aligncenter size-full\"><img decoding=\"async\" width=\"783\" height=\"545\" src=\"https:\/\/www.helpinghands.ch\/wp-content\/uploads\/2023\/11\/Bild1.jpg\" alt=\"\" class=\"wp-image-668\" srcset=\"https:\/\/www.helpinghands.ch\/wp-content\/uploads\/2023\/11\/Bild1.jpg 783w, https:\/\/www.helpinghands.ch\/wp-content\/uploads\/2023\/11\/Bild1-300x209.jpg 300w, https:\/\/www.helpinghands.ch\/wp-content\/uploads\/2023\/11\/Bild1-768x535.jpg 768w\" sizes=\"(max-width: 783px) 100vw, 783px\" \/><\/figure>\n<\/div>\n\n\n<hr class=\"wp-block-separator has-alpha-channel-opacity is-style-dots\"\/>\n\n\n<div class=\"wp-block-image\">\n<figure class=\"aligncenter size-full is-resized\"><img loading=\"lazy\" decoding=\"async\" width=\"360\" height=\"360\" src=\"https:\/\/www.helpinghands.ch\/wp-content\/uploads\/2023\/11\/Spenden_Icon_blau2-1.png\" alt=\"\" class=\"wp-image-650\" style=\"width:120px;height:auto\" srcset=\"https:\/\/www.helpinghands.ch\/wp-content\/uploads\/2023\/11\/Spenden_Icon_blau2-1.png 360w, https:\/\/www.helpinghands.ch\/wp-content\/uploads\/2023\/11\/Spenden_Icon_blau2-1-300x300.png 300w, https:\/\/www.helpinghands.ch\/wp-content\/uploads\/2023\/11\/Spenden_Icon_blau2-1-150x150.png 150w\" sizes=\"(max-width: 360px) 100vw, 360px\" \/><\/figure>\n<\/div>\n\n\n<h2 class=\"wp-block-heading has-text-align-center\">Spenden<\/h2>\n\n\n\n<figure class=\"wp-block-table is-style-regular\"><table class=\"has-white-background-color has-background has-fixed-layout\"><thead><tr><th class=\"has-text-align-center\" data-align=\"center\">02 Spende B\u00e4ckereien Tansania<\/th><\/tr><\/thead><tbody><tr><td class=\"has-text-align-center\" data-align=\"center\"><img decoding=\"async\" src=\"https:\/\/www.helpinghands.ch\/wp-content\/uploads\/2023\/11\/SwissQR-QR-Code_02-Tansania-Neuspender.jpg\" alt=\"\" style=\"width: 200px;\"><\/td><\/tr><\/tbody><\/table><figcaption class=\"wp-element-caption\">Schweizer QR-Code f\u00fcr E-Banking<\/figcaption><\/figure>\n","protected":false},"excerpt":{"rendered":"<p>In Kemondo, im Kinderdorf von AVC entstand 2017 die erste B\u00e4ckerei. Kemondo ist ein kleines Dorf am Ufer des Viktoriasees.T\u00e4glich produzieren die B\u00e4ckerinnen bis 70 kg Brot. Die Rezeptur haben &#8230;<\/p>\n","protected":false},"author":3,"featured_media":0,"parent":0,"menu_order":0,"comment_status":"closed","ping_status":"closed","template":"","meta":{"footnotes":""},"class_list":["post-20","page","type-page","status-publish","hentry"],"_links":{"self":[{"href":"https:\/\/www.helpinghands.ch\/index.php?rest_route=\/wp\/v2\/pages\/20","targetHints":{"allow":["GET"]}}],"collection":[{"href":"https:\/\/www.helpinghands.ch\/index.php?rest_route=\/wp\/v2\/pages"}],"about":[{"href":"https:\/\/www.helpinghands.ch\/index.php?rest_route=\/wp\/v2\/types\/page"}],"author":[{"embeddable":true,"href":"https:\/\/www.helpinghands.ch\/index.php?rest_route=\/wp\/v2\/users\/3"}],"replies":[{"embeddable":true,"href":"https:\/\/www.helpinghands.ch\/index.php?rest_route=%2Fwp%2Fv2%2Fcomments&post=20"}],"version-history":[{"count":6,"href":"https:\/\/www.helpinghands.ch\/index.php?rest_route=\/wp\/v2\/pages\/20\/revisions"}],"predecessor-version":[{"id":673,"href":"https:\/\/www.helpinghands.ch\/index.php?rest_route=\/wp\/v2\/pages\/20\/revisions\/673"}],"wp:attachment":[{"href":"https:\/\/www.helpinghands.ch\/index.php?rest_route=%2Fwp%2Fv2%2Fmedia&parent=20"}],"curies":[{"name":"wp","href":"https:\/\/api.w.org\/{rel}","templated":true}]}}